40 = -25*q. Calculate the remainder when 23 is divided by ((-20)/(-50))/(q/100).
3
Let s(o) = o**3 - 13*o**2 - 47*o - 1. Let m be s(16). What is the remainder when 521/4 + 1 + m/(-12) is divided by 28?
18
Suppose -v = -z + 8, -4*v + 0*v + 4 = 2*z. What is the remainder when 57 is divided by (-102)/(-10) + z + 217/(-35)?
7
Suppose w - 8 = -0*w. Suppose q + 4*r = -187 + 537, 635 = 2*q - 5*r. Suppose -176 = -22*z + q. Calculate the remainder when z is divided by w.
7
Let t = 4460 - 4293. Calculate the remainder when t is divided by 34.
31
Suppose -4274 + 11792 + 9826 = 64*u. What is the remainder when u is divided by 79?
34
Suppose 147 = 18*o - 249. Suppose -o*f = -20*f - 56. Calculate the remainder when 195 is divided by f.
27
Suppose 185*m - 181*m = -2*f + 1660, -5*m + 5*f = -2030. What is the remainder when m is divided by (2 + 63/(-2))*-2?
58
Calculate the remainder when 7699 is divided by (-10)/(-125) - 189612/(-1725).
109
Let d = -69 - -72. Suppose 3*q + d*i = 177, 5*q + 2*i - 284 = 14. Let n = 87 - q. What is the remainder when 69 is divided by n?
15
Let i = -213 - -478. Calculate the remainder when i is divided by 19.
18
Suppose -52*i + 30*i = -25*i + 102. What is the remainder when 65 is divided by i?
31
Let t = 92188 - 92180. Let p = -86 + 268. What is the remainder when p is divided by t?
6
Let g = -70 - -42. Let d = 6255 - 6275. Let i = d - g. Calculate the remainder when 15 is divided by i.
7
Let y = 28 - -30. Let z(u) be the first derivative of -4*u**2 + 71*u - 4. Calculate the remainder when y is divided by z(7).
13
Let n be (-1)/((-21)/(-22) + -1). Suppose q - 37 = -n. Suppose 3*y - 142 = -5*j, -5*j + 151 = 2*y + 8. Calculate the remainder when j is divided by q.
14
Let d = 5158 + -5096. What is the remainder when d is divided by ((-6)/1)/((-3)/9)?
8
Let h = 23780 - 23244. Calculate the remainder when h is divided by 240.
56
Let o(y) = -2*y + 31. Let d = 200 - 190. What is the remainder when 27 is divided by o(d)?
5
Let q = 29 + -5. Let i be (4/(-6))/((-102)/1071). Suppose -i*p = q - 164. What is the remainder when 34 is divided by p?
14
Suppose 31*g = -86 + 1512. What is the remainder when 1054 is divided by g?
42
Let z = 12890 + -12893. Suppose -2*p - 3*t = -13, 6*t - 3*t + 1 = 5*p. Calculate the remainder when 8 is divided by z + 4 - (p + -2).
0
Let x = 58 - 5. Suppose -16*j - 104 = 536. Let g = x + j. Calculate the remainder when 49 is divided by g.
10
Let g = 1523 + -850. Calculate the remainder when g is divided by 106.
37
Suppose 51 = 2*w - 65. Suppose 2*q + 18 = 218. Suppose -8*h + 60 + q = 0. Calculate the remainder when w is divided by h.
18
Let v = 4409 + -3981. Calculate the remainder when v is divided by 75.
53
Let u = -29 + 46. Let y(i) = 47*i**2 - 73*i + 72. Calculate the remainder when y(1) is divided by u.
12
Suppose 3*b = -5*k + 5144, 2843 = 2*k - b + 792. Calculate the remainder when k is divided by 10.
7
Suppose 0 = 132*t - 46242 - 132244 - 26906. What is the remainder when t is divided by 195?
191
Let m(n) = 22*n. Let q = -6183 + 6206. What is the remainder when m(2) is divided by q?
21
Let p = -130 + 278. Let f(u) = -165*u + 2483. Calculate the remainder when p is divided by f(15).
4
Suppose a - 96 = -4*a - 3*f, -2*a - 2*f = -40. What is the remainder when 121/(0/(-3) + 1) is divided by a?
13
What is the remainder when 772*((-469)/28 - -17) is divided by 169?
24
Let h = -14840 - -14893. Calculate the remainder when 1005 is divided by h.
51
Suppose -s + 2*s + 21 = 2*o, -3*o + 29 = s. Suppose -3*d - d - 264 = 0. Let n = d + 101. Calculate the remainder when n is divided by o.
5
Let f be 2*(4 + 10/(-4)). Suppose 2*c - f = -91. Let h = 102 + c. Calculate the remainder when h is divided by 12.
10
Let s be (-1560)/(-48)*(-4)/5. Let k(x) = 2*x**3 + 54*x**2 + 51*x - 3. What is the remainder when 109 is divided by k(s)?
17
Suppose 360 = -2*z - 2*b - 0*b, -3*b + 868 = -5*z. Let n = z - -191. Calculate the remainder when 25 is divided by n.
10
Calculate the remainder when 5831 is divided by 585276/(-755)*(25/2)/(-5).
17
Suppose -v + 4*f + 45 = 2*v, -3*v + 72 = 5*f. Calculate the remainder when 197 is divided by v.
7
Let h(p) = 3*p - 53 + 13 - 5*p - 20*p. Suppose 5*v = -3*l + 55, 4*v + 15 = 3*l + v. What is the remainder when h(-4) is divided by l?
8
Suppose -51 = 1824*d - 1827*d - 5*y, -4*d + 5*y = -68. Let f(t) = -3*t**3 - 2*t - 4. What is the remainder when f(-3) is divided by d?
15
Let g(n) = -319*n + 5145. Let m(l) = -25*l + 4. What is the remainder when m(-3) is divided by g(16)?
38
Let w be 6/12 + 5/2. Let y = -3 + w. Suppose -9*v + 8*v + 3 = y. What is the remainder when 10 is divided by v?
1
Let q(x) = 4*x + 3. Suppose -12 = -0*j - 3*j, 0 = 4*v + 5*j - 20. Let k be q(v). Suppose 14 + 7 = k*z. What is the remainder when z is divided by 6?
1
Let r be (1 - 337) + -63 + 58. Let u = r + 370. What is the remainder when 47 is divided by u?
18
Suppose 6*j + 3*c = 4*j - 11, -3*j = c - 1. Suppose -2*t - 7 = -2*q + 1, 3*t = q - j. Calculate the remainder when 41 is divided by q.
1
Suppose -2*y + 39 = 2*d + 25, 4*d + 42 = y. What is the remainder when 166 is divided by y?
12
Let s(p) = p**3 + 7*p**2 + 10*p + 6. Let x be s(-6). Suppose 4*v = 3*t - 51, 0*t = 3*v - 5*t + 41. What is the remainder when 74 is divided by (x/v)/(6/76)?
17
Let h = 468 + -338. Let b = h - 109. Calculate the remainder when 60 is divided by b.
18
Suppose r - v + 42 - 35 = 0, -3*v + 23 = -4*r. Suppose 2*z - 2*x = -10, x - 3*x + 1 = z. What is the remainder when 35 is divided by r/3*(z + -12*1)?
5
Suppose 4*p + 6 = 2*p. Let g be (p*(-12)/30)/((-1)/(-10)). Suppose l - g = 135. Calculate the remainder when l is divided by 30.
27
Let u(b) = 2*b**2 - 8*b - 46. Let k be u(-7). Calculate the remainder when 64 is divided by 9/k*-6 + 90/4.
20
Suppose 2*v + 44*b - 10196 = 38*b, 4*v - 20392 = 4*b. Calculate the remainder when v is divided by 27.
22
Suppose 5*q - 95 = -3*b, -10*b + 15*b - 5*q = 225. Suppose 4*h = -h + 85. Calculate the remainder when b is divided by h.
6
Suppose -o + 10931 = d, 5*d - 2*o - 2*o - 54610 = 0. Calculate the remainder when d is divided by 16.
14
Let h(o) = -4*o**2 - 25*o - 8. Let b be h(-6). Calculate the remainder when 5 + (-363)/(b + -1) is divided by 38.
12
Let w(s) = 51*s**3 - 11*s**2 + 18*s - 6. Calculate the remainder when 393 is divided by w(1).
29
Let l be (-88)/110*(0 - 5). Suppose t = r + 8, -6*t + 23 = -3*t - l*r. Calculate the remainder when 38 is divided by t.
2
Suppose -15*p = 18*p - 3630. Calculate the remainder when p is divided by 7.
5
Suppose 7 - 62 = -5*j. Let m(w) be the second derivative of w**4/2 + w**3/3 + w**2/2 + 10*w. What is the remainder when m(-2) is divided by j?
10
Suppose 0 = 12*h + 26*h - 3534. Let c = 97 + -50. Calculate the remainder when h is divided by c.
46
Let w = -3727 + 3813. What is the remainder when 5503 is divided by w?
85
Let k = -23 + 22. Calculate the remainder when 42 is divided by 43/7 - ((-3)/21)/k.
0
Let j be (-1*54 - 3)/1 - -3. What is the remainder when (738/j)/((15/9)/(-5)) is divided by 29?
12
Suppose -r + 9 = -6. Calculate the remainder when 27/(-243) - 1*631/(-9) is divided by r.
10
Let v(q) = q**3 + 5*q**2 - 5*q + 7. Let h(b) = b**2 - 41*b + 456. What is the remainder when v(3) is divided by h(22)?
26
Suppose 5*o + 198 + 102 = 0. Let l = o - -62. What is the remainder when ((-3)/(-5))/(2/20) is divided by l?
0
Calculate the remainder when 580/84 - (-3 - (455/147 + -6)) is divided by 3.
1
Let i(n) = -10*n - 79. Let k be ((-12)/(-5 + 29))/((-1)/(-18)). What is the remainder when 152 is divided by i(k)?
9
Suppose -826 = -7*b - 791. Suppose b*h = -3*v + 692, -2*h = v + 3*v - 274. Calculate the remainder when h is divided by 10.
9
Let k = 5513 - 5486. Calculate the remainder when 62 is divided by k.
8
Let b(a) = a**3 - 40*a**2 - 369*a + 240. What is the remainder when b(48) is divided by 199?
164
Let z(t) = -119 + 30*t + 4*t - 12*t. Let r = -69 + 133. What is the remainder when r is divided by z(6)?
12
Let q(x) = 2*x**3 + 66*x**2 - 149*x - 266. What is the remainder when 868 is divided by q(-35)?
35
Let b(a) = a**2 - 4*a + 7. Suppose -d + 15 = -49. Suppose 16 = -60*o + d*o. What is the remainder when b(5) is divided by o?
0
Let w(n) = -2*n**3 + 12*n**2 + 17*n - 7. Suppose -u = 